 divisor of 14410 and 10611?
131
Calculate the highest common divisor of 5092 and 15428.
76
What is the greatest common factor of 69893 and 37?
37
What is the greatest common divisor of 21590 and 51?
17
Calculate the greatest common factor of 4253433 and 452.
113
Calculate the greatest common divisor of 10 and 9935.
5
Calculate the greatest common factor of 20 and 267070.
10
What is the highest common divisor of 7 and 178283?
7
What is the highest common divisor of 11836 and 33?
11
What is the greatest common divisor of 2016 and 4872?
168
Calculate the greatest common factor of 572 and 139334.
26
Calculate the greatest common factor of 3450 and 14925.
75
What is the highest common divisor of 18907 and 16?
1
Calculate the highest common factor of 3510 and 14950.
130
Calculate the greatest common divisor of 152 and 7448.
152
What is the highest common divisor of 1122 and 11832?
102
Calculate the greatest common factor of 32641 and 21.
7
Calculate the greatest common factor of 56 and 1488.
8
Calculate the highest common divisor of 1530 and 1665.
45
Calculate the greatest common factor of 55929 and 2781.
309
Calculate the greatest common divisor of 5585 and 50.
5
Calculate the greatest common factor of 9356 and 80.
4
Calculate the greatest common divisor of 31 and 163.
1
Calculate the greatest common factor of 30260 and 41140.
340
Calculate the greatest common factor of 63 and 1792.
7
Calculate the highest common divisor of 14691 and 996.
249
Calculate the highest common factor of 84 and 136801.
7
Calculate the highest common divisor of 24786 and 559872.
1458
What is the greatest common divisor of 59704 and 272?
136
Calculate the greatest common divisor of 11033 and 85.
17
Calculate the highest common factor of 37152 and 9612.
108
What is the highest common divisor of 44793 and 399?
21
Calculate the greatest common factor of 12964480 and 320.
320
Calculate the highest common factor of 81 and 774576.
27
Calculate the greatest common factor of 132351 and 157.
157
What is the highest common divisor of 66 and 2444343?
33
What is the highest common divisor of 12558 and 10374?
546
Calculate the greatest common divisor of 400 and 2180600.
200
Calculate the greatest common divisor of 1548 and 73014.
258
What is the greatest common divisor of 31 and 827?
1
What is the greatest common factor of 18242 and 28?
14
What is the greatest common factor of 197163 and 38?
19
What is the highest common divisor of 22068 and 132?
12
Calculate the highest common divisor of 705570 and 7830.
870
What is the greatest common divisor of 1840 and 890?
10
Calculate the highest common divisor of 21850 and 150.
50
Calculate the greatest common divisor of 4992 and 29472.
96
What is the highest common divisor of 42877 and 106?
53
Calculate the greatest common factor of 779386 and 362.
362
What is the greatest common factor of 7298 and 2848?
178
Calculate the highest common divisor of 26291 and 2155.
431
What is the highest common divisor of 14010 and 2340?
30
What is the greatest common factor of 8576 and 1126672?
1072
What is the highest common divisor of 786 and 135978?
786
What is the highest common divisor of 902 and 533?
41
What is the highest common divisor of 123 and 4249978?
41
Calculate the highest common factor of 501915 and 315.
15
What is the highest common divisor of 42 and 789306?
42
Calculate the greatest common divisor of 164868 and 24.
12
Calculate the highest common divisor of 48 and 1024.
16
What is the greatest common factor of 5862627 and 558?
279
What is the highest common factor of 4 and 142342?
2
What is the greatest common factor of 104 and 76310?
26
What is the greatest common divisor of 10755 and 720?
45
What is the highest common factor of 4623 and 621?
69
What is the greatest common divisor of 5080 and 6600?
40
What is the highest common factor of 3828 and 28188?
348
What is the greatest common divisor of 120 and 25260?
60
Calculate the highest common factor of 6804 and 612.
36
Calculate the highest common factor of 453090 and 1650.
330
What is the highest common divisor of 7 and 4333?
7
Calculate the greatest common divisor of 31185 and 162.
81
Calculate the highest common divisor of 510 and 512346.
102
Calculate the highest common divisor of 1120 and 13232.
16
Calculate the greatest common divisor of 7 and 5867.
1
Calculate the highest common factor of 169163 and 139.
139
Calculate the highest common factor of 396 and 20964.
12
What is the greatest common divisor of 16 and 164624?
16
What is the greatest common factor of 76426 and 20034?
742
What is the greatest common divisor of 95220 and 1449?
207
Calculate the greatest common divisor of 3640 and 11740.
20
What is the greatest common factor of 657977 and 178?
89
What is the highest common factor of 291665 and 15?
5
Calculate the greatest common divisor of 73 and 551807.
73
What is the highest common factor of 280166 and 568?
142
Calculate the greatest common factor of 32473 and 7.
7
What is the greatest common factor of 5661744 and 6?
6
Calculate the greatest common factor of 23383 and 469.
67
What is the highest common factor of 10675 and 16653?
427
Calculate the greatest common divisor of 251146 and 21.
7
Calculate the highest common factor of 46295 and 168435.
985
Calculate the greatest common factor of 72 and 20808.
72
Calculate the highest common divisor of 1660 and 1411.
83
Calculate the highest common factor of 1249 and 14.
1
What is the highest common divisor of 4443 and 417?
3
Calculate the highest common factor of 60894 and 2985.
597
Calculate the highest common divisor of 175 and 72175.
25
Calculate the greatest common factor of 23718 and 1407.
201
What is the greatest common factor of 986 and 13166?
58
Calculate the greatest common divisor of 1175 and 434045.
235
What is the highest common divisor of 16 and 2587392?
16
Calculate the highest common factor of 180 and 8180.
20
What is the greatest common divisor of 2406 and 24?
6
Calculate the highest common factor of 162 and 78462.
54
Calculate the highest common divisor of 20114 and 2670.
178
Calculate the highest common factor of 8918 and 27040.
26
Calculate the highest common factor of 175 and 26705.
35
Calculate the greatest common factor of 86768 and 4930.
986
Calculate the highest common divisor of 11180 and 200.
20
What is the highest common factor of 41565 and 2040?
255
What is the greatest common factor of 285 and 5475?
15
Calculate the highest common factor of 14087885 and 70.
35
Calculate the highest common factor of 110274 and 24.
6
What is the highest common divisor of 3 and 97059?
3
Calculate the greatest common factor of 24339 and 6384.
399
Calculate the greatest common factor of 1123012 and 44.
44
What is the greatest common factor of 93 and 329437?
31
What is the greatest common factor of 1886067 and 27?
9
What is the highest common factor of 5 and 971?
1
What is the highest common divisor of 6784 and 6272?
128
Calculate the highest common factor of 232211 and 677.
677
Calculate the highest common divisor of 122494 and 438.
146
Calculate the greatest common factor of 796 and 95122.
398
Calculate the greatest common factor of 3111 and 131580.
51
Calculate the highest common factor of 9 and 45909.
9
What is the greatest common divisor of 5070 and 90?
30
Calculate the greatest common factor of 1529 and 16038.
11
Calculate the highest common divisor of 1584 and 11968.
176
What is the greatest common divisor of 1305 and 59595?
435
What is the highest common factor of 90375 and 375?
375
What is the highest common divisor of 4381138 and 34?
34
What is the highest common factor of 12519 and 884?
13
What is the greatest common divisor of 3675 and 39375?
525
What is the highest common divisor of 68192 and 16?
16
Calculate the highest common divisor of 83181 and 714.
357
What is the greatest common factor of 73959 and 16897?
277
Calculate the highest common factor of 152427 and 825.
33
What is the greatest common divisor of 1468754 and 126?
14
Calculate the highest common factor of 666713 and 11231.
1021
What is the greatest common factor of 85848 and 21168?
1176
What is the greatest common divisor of 2915 and 3685?
55
What is the highest common divisor of 239050 and 350?
350
Calculate the greatest common factor of 4288 and 687